{"id":2,"date":"2024-09-09T19:10:44","date_gmt":"2024-09-09T19:10:44","guid":{"rendered":"http:\/\/www.ruchnaparafia.pl\/?page_id=2"},"modified":"2026-05-10T15:36:23","modified_gmt":"2026-05-10T15:36:23","slug":"sample-page","status":"publish","type":"page","link":"https:\/\/www.ruchnaparafia.pl\/?page_id=2","title":{"rendered":"Intencje mszalne"},"content":{"rendered":"<p>NIEDZIELA &#8211; 10.05<\/p>\n<p>8.30 \u2020 W\u0142adys\u0142awa \/4 r.\/<\/p>\n<p>10.00 \u2020 Mieczys\u0142awa Olifierczuka \/11 r.\/, Janin\u0119, Stanis\u0142awa, Ann\u0119, Zbigniewa<\/p>\n<p>11.30 I rocznica Komunii \u015awi\u0119tej<\/p>\n<p>PONIEDZIA\u0141EK &#8211; 11.05<\/p>\n<p>17.00 \u2020 Jadwig\u0119 Jasiot\u0119 \u2013 of. El\u017cbieta i Grzegorz Madziar<\/p>\n<p>WTOREK &#8211; 12.05<\/p>\n<p>17.00 \u2020 Franciszka Ciszewskiego \/30 dz.\/ &#8211; of. ucz. pogrzebu<\/p>\n<p>\u015aRODA &#8211; 13.05<\/p>\n<p>17.00 Za dusze w czy\u015b\u0107cu cierpi\u0105ce<\/p>\n<p>CZWARTEK &#8211; 14.05<\/p>\n<p>17.00 \u2020 Jana, Helen\u0119, Stanis\u0142awa, El\u017cbiet\u0119, Stefani\u0119, Wincentego<\/p>\n<p>PI\u0104TEK &#8211; 15.05<\/p>\n<p>17.00 \u2020 Leszka Ada\u015bko \/7 r.\/<\/p>\n<p>SOBOTA &#8211; 16.05<\/p>\n<p>17.00 Dz. b\u0142. w 4 r. ur. Tymoteusza<\/p>\n<p>17.40 \u2020 Stanis\u0142awa i Stanis\u0142awa<\/p>\n<p>NIEDZIELA &#8211; 17.05<\/p>\n<p>8.30 \u2020 Zofi\u0119 i Wincentego<\/p>\n<p>10.00 \u2020 Henryk\u0119, Ireneusza, Stanis\u0142aw\u0119, J\u00f3zefa i zm. Rodzic\u00f3w z ob. stron<\/p>\n<p>11.30 Za Parafian<\/p>\n<p style=\"text-align: center;\">Zauwa\u017cone b\u0142\u0119dy prosz\u0119 zg\u0142osi\u0107 w celu korekty.<br \/>\nPrzyst\u0105p do sakrament\u00f3w \u015bwi\u0119tych dla w\u0142asnego u\u015bwi\u0119cenia,<br \/>\naby Twoje uczestnictwo we Mszy \u015bwi\u0119tej by\u0142o pe\u0142ne.<br \/>\nWyznaj wiar\u0119, \u017ce Cia\u0142o Chrystusa daje Ci \u017cycie wieczne.<\/p>\n","protected":false},"excerpt":{"rendered":"<p>NIEDZIELA &#8211; 10.05 8.30 \u2020 W\u0142adys\u0142awa \/4 r.\/ 10.00 \u2020 Mieczys\u0142awa Olifierczuka \/11 r.\/, Janin\u0119, Stanis\u0142awa, Ann\u0119, Zbigniewa 11.30 I rocznica Komunii \u015awi\u0119tej PONIEDZIA\u0141EK &#8211; 11.05 17.00 \u2020 Jadwig\u0119 Jasiot\u0119 \u2013 of. El\u017cbieta i Grzegorz Madziar WTOREK &#8211; 12.05 17.00 \u2020 Franciszka Ciszewskiego \/30 dz.\/ &#8211; of. ucz. pogrzebu \u015aRODA &#8211; 13.05 17.00 Za dusze [&hellip;]<\/p>\n","protected":false},"author":1,"featured_media":29,"parent":0,"menu_order":0,"comment_status":"closed","ping_status":"open","template":"","meta":{"footnotes":""},"class_list":["post-2","page","type-page","status-publish","has-post-thumbnail","hentry"],"_links":{"self":[{"href":"https:\/\/www.ruchnaparafia.pl\/index.php?rest_route=\/wp\/v2\/pages\/2","targetHints":{"allow":["GET"]}}],"collection":[{"href":"https:\/\/www.ruchnaparafia.pl\/index.php?rest_route=\/wp\/v2\/pages"}],"about":[{"href":"https:\/\/www.ruchnaparafia.pl\/index.php?rest_route=\/wp\/v2\/types\/page"}],"author":[{"embeddable":true,"href":"https:\/\/www.ruchnaparafia.pl\/index.php?rest_route=\/wp\/v2\/users\/1"}],"replies":[{"embeddable":true,"href":"https:\/\/www.ruchnaparafia.pl\/index.php?rest_route=%2Fwp%2Fv2%2Fcomments&post=2"}],"version-history":[{"count":136,"href":"https:\/\/www.ruchnaparafia.pl\/index.php?rest_route=\/wp\/v2\/pages\/2\/revisions"}],"predecessor-version":[{"id":1408,"href":"https:\/\/www.ruchnaparafia.pl\/index.php?rest_route=\/wp\/v2\/pages\/2\/revisions\/1408"}],"wp:featuredmedia":[{"embeddable":true,"href":"https:\/\/www.ruchnaparafia.pl\/index.php?rest_route=\/wp\/v2\/media\/29"}],"wp:attachment":[{"href":"https:\/\/www.ruchnaparafia.pl\/index.php?rest_route=%2Fwp%2Fv2%2Fmedia&parent=2"}],"curies":[{"name":"wp","href":"https:\/\/api.w.org\/{rel}","templated":true}]}}