{"id":38,"date":"2024-09-10T09:04:43","date_gmt":"2024-09-10T09:04:43","guid":{"rendered":"http:\/\/www.ruchnaparafia.pl\/?page_id=38"},"modified":"2026-05-10T15:36:00","modified_gmt":"2026-05-10T15:36:00","slug":"ogloszenia","status":"publish","type":"page","link":"https:\/\/www.ruchnaparafia.pl\/?page_id=38","title":{"rendered":"Og\u0142oszenia"},"content":{"rendered":"<p style=\"text-align: center;\">VI Niedziela Wielkanocna &#8211; 10 maja 2026 r.<\/p>\n<p>1. Tydzie\u0144 temu do I Komunii \u015bwi\u0119tej przyst\u0105pi\u0142o 12 dzieci. Dzi\u0119kuj\u0119 Pani katechetce za przygotowanie dzieci a Rodzicom za towarzyszenie i wszelk\u0105 pomoc. Dzi\u0119kujemy Rodzicom za dar o\u0142tarza, krzy\u017c stoj\u0105cy na tabernakulum.<br \/>\n2. Dzisiaj na mszy \u015bwi\u0119tej o godz. 11.30 rocznica pierwszej Komunii \u015bwi\u0119tej.<br \/>\n3. Dzi\u0119kuj\u0119 wszystkim, kt\u00f3rzy wczoraj wzi\u0119li udzia\u0142 w obrz\u0119dzie Po\u015bwi\u0119cenia p\u00f3l. Je\u015bli taka forma b\u0119dzie przyj\u0119ta \u2013 b\u0119dzie mo\u017cna pomy\u015ble\u0107 o ostatniej stacji na tzw. \u201eBierutowie\u201d.<br \/>\n4. 13 maja Nabo\u017ce\u0144stwa Fatimskie. Msza \u015bwi\u0119ta o godz. 17.00, p\u00f3\u017aniej odm\u00f3wimy r\u00f3\u017caniec w ko\u015bciele i za\u015bpiewamy Litani\u0119 do NMP.<br \/>\n5. W pi\u0105tek 15 maja pierwszy dzie\u0144 Nowenny przed Uroczysto\u015bci\u0105 Zes\u0142ania Ducha \u015awi\u0119tego.<br \/>\n6. Za tydzie\u0144 w niedziel\u0119 obchodzimy Uroczysto\u015b\u0107 Wniebowst\u0105pienia Pa\u0144skiego.<br \/>\n7. Zach\u0119cam do udzia\u0142u w nabo\u017ce\u0144stwach majowych. W dni powszednie o godz.17.00, a w niedziele po mszy \u015bw. o godz. 10.00<br \/>\n8. Zapowiedzi przed\u015blubne:<br \/>\nNatalia Wiktoria \u0141awnik, panna z To\u0144czy, par. Starawie\u015b i Adrian Piotr Rozbicki kaw. z Ruchny, par. tut., zapowied\u017a II.<br \/>\n8. Zapraszam do czytania prasy katolickiej &#8211; zauwa\u017cmy nowy numer Niedzieli. Prosz\u0119 bra\u0107, czyta\u0107 i przekazywa\u0107 dalej.<br \/>\n9. Wszystkich jubilat\u00f3w i czcz\u0105cych swoich patron\u00f3w w nadchodz\u0105cym tygodniu, oraz dobrodziej\u00f3w naszej parafii pole\u0107my wstawiennictwu naszej Patronki Matki Ko\u015bcio\u0142a. Pod Twoj\u0105 obron\u0119&#8230;<\/p>\n","protected":false},"excerpt":{"rendered":"<p>VI Niedziela Wielkanocna &#8211; 10 maja 2026 r. 1. Tydzie\u0144 temu do I Komunii \u015bwi\u0119tej przyst\u0105pi\u0142o 12 dzieci. Dzi\u0119kuj\u0119 Pani katechetce za przygotowanie dzieci a Rodzicom za towarzyszenie i wszelk\u0105 pomoc. Dzi\u0119kujemy Rodzicom za dar o\u0142tarza, krzy\u017c stoj\u0105cy na tabernakulum. 2. Dzisiaj na mszy \u015bwi\u0119tej o godz. 11.30 rocznica pierwszej Komunii \u015bwi\u0119tej. 3. Dzi\u0119kuj\u0119 wszystkim, [&hellip;]<\/p>\n","protected":false},"author":1,"featured_media":0,"parent":0,"menu_order":0,"comment_status":"closed","ping_status":"closed","template":"","meta":{"footnotes":""},"class_list":["post-38","page","type-page","status-publish","hentry"],"_links":{"self":[{"href":"https:\/\/www.ruchnaparafia.pl\/index.php?rest_route=\/wp\/v2\/pages\/38","targetHints":{"allow":["GET"]}}],"collection":[{"href":"https:\/\/www.ruchnaparafia.pl\/index.php?rest_route=\/wp\/v2\/pages"}],"about":[{"href":"https:\/\/www.ruchnaparafia.pl\/index.php?rest_route=\/wp\/v2\/types\/page"}],"author":[{"embeddable":true,"href":"https:\/\/www.ruchnaparafia.pl\/index.php?rest_route=\/wp\/v2\/users\/1"}],"replies":[{"embeddable":true,"href":"https:\/\/www.ruchnaparafia.pl\/index.php?rest_route=%2Fwp%2Fv2%2Fcomments&post=38"}],"version-history":[{"count":114,"href":"https:\/\/www.ruchnaparafia.pl\/index.php?rest_route=\/wp\/v2\/pages\/38\/revisions"}],"predecessor-version":[{"id":1407,"href":"https:\/\/www.ruchnaparafia.pl\/index.php?rest_route=\/wp\/v2\/pages\/38\/revisions\/1407"}],"wp:attachment":[{"href":"https:\/\/www.ruchnaparafia.pl\/index.php?rest_route=%2Fwp%2Fv2%2Fmedia&parent=38"}],"curies":[{"name":"wp","href":"https:\/\/api.w.org\/{rel}","templated":true}]}}